base 6, what is 1432 + -22303014?
-22301142
In base 6, what is -2 + -133434220?
-133434222
In base 13, what is 19515a7 + 1b?
19515c5
In base 8, what is 26125 + 6641?
34766
In base 10, what is -6225 + 355?
-5870
In base 2, what is 100001 + -1010011100111010?
-1010011100011001
In base 9, what is 7 - -3863804?
3863812
In base 2, what is -1000100111100100011110111100 - 100?
-1000100111100100011111000000
In base 12, what is 1a37 - -568a?
7505
In base 13, what is -2 + 3c8b594?
3c8b592
In base 16, what is 1a5 + -f0497?
-f02f2
In base 4, what is 1223133100121 + 2?
1223133100123
In base 6, what is 5 + 44002011?
44002020
In base 13, what is 1136 - 1048b?
-c355
In base 16, what is 6 - 519e08?
-519e02
In base 14, what is 1d74a4 + 7?
1d74ab
In base 9, what is -4 - -66608813?
66608808
In base 11, what is 39a114 - 653?
399571
In base 3, what is 110 - 121221021002200?
-121221021002020
In base 9, what is 3088730 + -275?
3088444
In base 10, what is 293242 - -31?
293273
In base 7, what is -15533 - -43343?
24510
In base 7, what is -4625 - -4212300?
4204342
In base 7, what is 52633 + 152003?
234636
In base 12, what is 26985 + -182?
26803
In base 9, what is 1 + -483762737?
-483762736
In base 9, what is 11516773 - 68?
11516704
In base 16, what is 3c1 + 76df?
7aa0
In base 10, what is 328034 - -354?
328388
In base 2, what is 11100000011010001 + -1011?
11100000011000110
In base 3, what is 10 + 120201110110121211?
120201110110121221
In base 3, what is 1112 + -100112111000001?
-100112110221112
In base 15, what is 12a - -452e13?
45303d
In base 11, what is 1a5 - 147656?
-147461
In base 14, what is 8a4 - 9b39?
-9275
In base 9, what is 122 + 70162?
70284
In base 9, what is 6 + 32057250?
32057256
In base 7, what is -5 + -5664323?
-5664331
In base 10, what is -390089 + -788?
-390877
In base 14, what is -11489c0 + 0?
-11489c0
In base 5, what is -140132 + 4412001?
4221314
In base 11, what is 2119a8 + 26?
211a23
In base 2, what is 1011010 - -101011100111000010100?
101011100111001101110
In base 9, what is -5 + -1063061074?
-1063061080
In base 15, what is 247744 - -2?
247746
In base 12, what is 28572 - a2?
28490
In base 13, what is -556 - -358a?
3034
In base 16, what is -4 + -1f6a9a?
-1f6a9e
In base 8, what is 14 - -234733510?
234733524
In base 7, what is 5404523 - 422?
5404101
In base 3, what is -210 - -11200212121110?
11200212120200
In base 3, what is -1121 + -10222100201?
-10222102022
In base 14, what is 5b30 - -4872?
a5a2
In base 7, what is 63325535 - -2?
63325540
In base 8, what is 12 - 72051117?
-72051105
In base 16, what is 28d0b7 + 6?
28d0bd
In base 16, what is -1f59 - -344a?
14f1
In base 5, what is -134421323 + 422?
-134420401
In base 14, what is 1236 - 589?
a8b
In base 3, what is 121 + 21021220221?
21021221112
In base 7, what is -664 + 213461?
212464
In base 14, what is 5 - -1557baa5?
1557baaa
In base 11, what is 0 - -793074?
793074
In base 4, what is -2020331 - 12101311?
-20122302
In base 11, what is -679 - 25a05?
-26583
In base 11, what is 3 + -34272aa?
-34272a7
In base 13, what is -283c9 - -7c8?
-27901
In base 13, what is -131 + -39441a?
-39454b
In base 15, what is 77 - -706?
77d
In base 5, what is 32 - 333000212?
-333000130
In base 13, what is 175 - 1175b5?
-117440
In base 13, what is c951859 - -5?
c951861
In base 10, what is -5212 - -246946?
241734
In base 15, what is 16057c - -1?
16057d
In base 4, what is 211 - -110303022?
110303233
In base 16, what is -53d3 + -1ab?
-557e
In base 7, what is 0 + 111515565?
111515565
In base 7, what is -16026504 - -13?
-16026461
In base 15, what is 3 - -eb3157c?
eb31580
In base 8, what is -23122414 + -41?
-23122455
In base 8, what is -22771 + -1477?
-24470
In base 15, what is -4069 + -2053?
-60bc
In base 11, what is 2351232 + -a?
2351223
In base 14, what is -10724 + 47d?
-10285
In base 10, what is 74 - -164852?
164926
In base 10, what is -175 + -209065?
-209240
In base 9, what is -5 - -231566720?
231566714
In base 9, what is 3 + 8301452?
8301455
In base 16, what is 33 + 1adbb2?
1adbe5
In base 2, what is -11100100110000011 + -1111111010011?
-11110100101010110
In base 8, what is -5 - -441157?
441152
In base 9, what is 137724 + 61?
137785
In base 16, what is 9cff - 3da?
9925
In base 15, what is 1013d6 + -c?
1013c9
In base 15, what is -7b - -e548?
e4bc
In base 16, what is -693 - -9191?
8afe
In base 14, what is -26577 - -798?
-25bbd
In base 10, what is -19733 - -982?
-18751
In base 14, what is 765d + -66b?
6dd2
In base 8, what is 210 - -550264?
550474
In base 5, what is -43 - -2033433?
2033340
In base 5, what is -430012 - -43411?
-331101
In base 16, what is 0 + f701bae?
f701bae
In base 5, what is -133024 - -43122?
-34402
In base 8, what is -661 - -3375?
2514
In base 6, what is -11 + -43225040?
-43225051
In base 16, what is -39ab + 7162?
37b7
In base 5, what is 3403034 + 22?
3403111
In base 13, what is -117 + -1267b6?
-126900
In base 8, what is 230556116 - 15?
230556101
In base 16, what is 649df + -f?
649d0
In base 10, what is 1604 - -69651?
71255
In base 15, what is 3c5cc4b - 4?
3c5cc47
In base 14, what is 95c18d - 4b?
95c142
In base 7, what is 5505634 + -35?
5505566
In base 14, what is 44b4096 - -2?
44b4098
In base 4, what is -31113 + 201233332?
201202213
In base 15, what is -e069e02 - 0?
-e069e02
In base 12, what is -30ba1620 + -3?
-30ba1623
In base 8, what is 0 - 130213523?
-130213523
In base 15, what is 58ac - 2bcb?
2bd1
In base 7, what is -20344551 - 202?
-20345053
In base 9, what is 84 - 12635?
-12541
In base 8, what is -3 - 4532532?
-4532535
In base 3, what is 21022122 + 10?
21022202
In base 15, what is 18c6 + aa?
1981
In base 16, what is -265e5 + c2?
-26523
In base 10, what is 2298 + -3428?
-1130
In base 2, what is 1101111000111111000111 - -11?
1101111000111111001010
In base 2, what is 111000101 + -101110100000101000?
-101110011001100011
In base 8, what is -502755 - 20?
-502775
In base 6, what is 1324400 + 432?
1325232
In base 2, what is 100001000011011 - -11000100?
100001011011111
In base 14, what is -2 + -13d549c?
-13d54a0
In base 16, what is 1ca11 - 1e?
1c9f3
In base 13, what is -b607 - 14c0a?
-23514
In base 10, what is 3489538 + -1?
3489537
In base 10, what is 65 - 18833?
-18768
In base 16, what is -10ad - -bf1?
-4bc
In base 4, what is 10 + 23033112201121?
23033112201131
In base 10, what is 1 - -11965897?
11965898
In base 16, what is 1f3b + -65d?
18de
In base 16, what is 48 + 5cef6?
5cf3e
In base 7, what is -443422 - 3632?
-450354
In base 7, what is 1312515 - 45?
1312440
In base 2, what is -1010 + -110011011110001100100?
-110011011110001101110
In base 8, what is 364 - -15136?
15522
In base 12, what is 24a9 + -912?
1797
In base 6, what is -2543321 - -34?
-2543243
In base 9, what is -14845 + 341?
-14504
In base 6, what is -2444234 - 0?
-2444234
In base 2, what is 101111101100110110 - -11001010101?
110000000110001011
In base 15, what is -3a8e1 - -5?
-3a8db
In base 7, what is 145634640 + -5?
145634632
In base 3, what is 100111011 - 11010110?
12100201
In base 10, what is -42632 - -1914?
-40718
In base 13, what is -502213 + -3?
-502216
In base 11, what is 1726a + 24?
17293
In base 3, what is -101110001 + 210212?
-100122012
In base 16, what is -167 + d329c?
d3135
In base 8, what is -4 + -13046406?
-13046412
In base 4, what is -1310000010 + -1?
-1310000011
In base 16, what is -653 - f05fd?
-f0c50
In base 4, what is -1 + 222122131322?
222122131321
In base 12, what is -8482 - -842?
-7840
In base 7, what is 14 + -232305402?
-232305355
In base 13, what is -19 - -805583?
805567
In base 8, what is 10137 + -21276?
-11137
In base 13, what is 3b3a - c3?
3a47
In base 14, what is -2c - 27b2?
-2800
In base 7, what is 14 - -25435400?
25435414
In base 6, what is 51153 + -34131?
13022
In base 15, what is 1858de4 - 2?
1858de2
In base 10, what is -99970106 + -1?
-99970107
In base 7, what is 30 + -4465224?
-4465164
In base 9, what is -74678 - -216?
-74462
In base 4, what is -210 - 210133322?
-210200132
In base 4, what is 301023 + -13331133?
-13030110
In base 5, what is -2 - 311040231423?
-311040231430
In base 3, what is 101002 - -101002020212?
101002121221
In base 16, what is -4 - -407e75?
407e71
In base 14, what is 6637022 + -10?
6637012
In base 5, what is -2322 + 1101033?
1043211
In base 15, what is 1b - -6d240?
6d25b
In base 14, what is 1 - 3b42